{"id":1800,"date":"2026-02-10T23:10:15","date_gmt":"2026-02-10T23:10:15","guid":{"rendered":"https:\/\/superofertascatalogo.com.mx\/?post_type=product&#038;p=1800"},"modified":"2026-02-10T23:13:05","modified_gmt":"2026-02-10T23:13:05","slug":"sopa-de-pasta-yemina-codo-liso-no-1-250-g","status":"publish","type":"product","link":"https:\/\/superofertascatalogo.com.mx\/index.php\/product\/sopa-de-pasta-yemina-codo-liso-no-1-250-g\/","title":{"rendered":"Sopa de pasta Yemina codo liso no.1 250 g"},"content":{"rendered":"","protected":false},"excerpt":{"rendered":"<div class=\"expand-collapse-header flex justify-between items-center w-100\">\n<h3 class=\"w-100 ma0 pa3 lh-copy normal f5\">Detalles del art\u00edculo<\/h3>\n<div class=\"pr3\"><\/div>\n<\/div>\n<div class=\"w_zz0G expand-collapse-content\" data-testid=\"ui-collapse-panel\">\n<div class=\"ph3 pb4 pt1\">\n<div class=\"nb3\" data-testid=\"product-description-content\">\n<div class=\"mb3\">\n<div class=\"dangerous-html mb3\">\n<ul>\n<li>\n<ul>\n<li><strong>Hecha con trigo 100% mexicano<\/strong><\/li>\n<li><strong>Prepara comidas pr\u00e1cticas y nutritivas<\/strong><\/li>\n<li><strong>Energ\u00eda natural para lograr tus metas<\/strong><\/li>\n<\/ul>\n<\/li>\n<\/ul>\n<\/div>\n<\/div>\n<div class=\"mb3 f6 mid-gray lh-title overflow-visible db\">\n<div class=\"dangerous-html mb3\">\n<div>Con Pasta Yemina ll\u00e9nate de energ\u00eda en cada comida. &#8211; Orgullosamente mexicana &#8211; Hecha con s\u00e9mola de trigo duro y agua -Yemina se encuentra comprometida en ofrecer una gran variedad de productos nutritivos. -Al combinar pasta Yemina con verduras y una fuente de prote\u00edna resulta un platillo variado y completo que aporta la fuente de energ\u00eda para todos. Encuentra una gran variedad de art\u00edculos tenemos para ti. Recuerda que ya puedes realizar compras de \u00e9ste y otros productos en tu tienda en l\u00ednea donde encontrar\u00e1s lo necesario para tu d\u00eda a d\u00eda o para surtir tu despensa. Compra lo que necesites ya que, con nuestro servicio de entregas a domicilio, tus compras llegar\u00e1n hasta la puerta de tu hogar.<\/div>\n<\/div>\n<\/div>\n<\/div>\n<\/div>\n<\/div>\n","protected":false},"featured_media":1802,"comment_status":"open","ping_status":"closed","template":"","meta":[],"etheme_brands":[{"term_id":52,"name":"Yemina","slug":"yemina","term_group":0,"term_taxonomy_id":52,"taxonomy":"brand","description":"","parent":0,"count":1,"filter":"raw"}],"product_brand":[],"product_cat":[50],"product_tag":[],"class_list":{"0":"post-1800","1":"product","2":"type-product","3":"status-publish","4":"has-post-thumbnail","6":"brand-yemina","7":"product_cat-sopas","9":"first","10":"instock","11":"sale","12":"shipping-taxable","13":"purchasable","14":"product-type-simple"},"yoast_head":"<!-- This site is optimized with the Yoast SEO Premium plugin v23.4 (Yoast SEO v23.4) - https:\/\/yoast.com\/wordpress\/plugins\/seo\/ -->\n<title>Sopa de pasta Yemina codo liso no.1 250 g - Super Ofertas<\/title>\n<meta name=\"robots\" content=\"index, follow, max-snippet:-1, max-image-preview:large, max-video-preview:-1\" \/>\n<link rel=\"canonical\" href=\"https:\/\/superofertascatalogo.com.mx\/index.php\/product\/sopa-de-pasta-yemina-codo-liso-no-1-250-g\/\" \/>\n<meta property=\"og:locale\" content=\"es_MX\" \/>\n<meta property=\"og:type\" content=\"article\" \/>\n<meta property=\"og:title\" content=\"Sopa de pasta Yemina codo liso no.1 250 g\" \/>\n<meta property=\"og:description\" content=\"Detalles del art\u00edculo             Hecha con trigo 100% mexicano  Prepara comidas pr\u00e1cticas y nutritivas  Energ\u00eda natural para lograr tus metas        Con Pasta Yemina ll\u00e9nate de energ\u00eda en cada comida. - Orgullosamente mexicana - Hecha con s\u00e9mola de trigo duro y agua -Yemina se encuentra comprometida en ofrecer una gran variedad de productos nutritivos. -Al combinar pasta Yemina con verduras y una fuente de prote\u00edna resulta un platillo variado y completo que aporta la fuente de energ\u00eda para todos. Encuentra una gran variedad de art\u00edculos tenemos para ti. Recuerda que ya puedes realizar compras de \u00e9ste y otros productos en tu tienda en l\u00ednea donde encontrar\u00e1s lo necesario para tu d\u00eda a d\u00eda o para surtir tu despensa. Compra lo que necesites ya que, con nuestro servicio de entregas a domicilio, tus compras llegar\u00e1n hasta la puerta de tu hogar.\" \/>\n<meta property=\"og:url\" content=\"https:\/\/superofertascatalogo.com.mx\/index.php\/product\/sopa-de-pasta-yemina-codo-liso-no-1-250-g\/\" \/>\n<meta property=\"og:site_name\" content=\"Super Ofertas\" \/>\n<meta property=\"article:modified_time\" content=\"2026-02-10T23:13:05+00:00\" \/>\n<meta property=\"og:image\" content=\"https:\/\/superofertascatalogo.com.mx\/wp-content\/uploads\/2026\/02\/Yamina.jpg\" \/>\n\t<meta property=\"og:image:width\" content=\"1080\" \/>\n\t<meta property=\"og:image:height\" content=\"1080\" \/>\n\t<meta property=\"og:image:type\" content=\"image\/jpeg\" \/>\n<meta name=\"twitter:card\" content=\"summary_large_image\" \/>\n<meta name=\"twitter:label1\" content=\"Tiempo de lectura\" \/>\n\t<meta name=\"twitter:data1\" content=\"1 minuto\" \/>\n<script type=\"application\/ld+json\" class=\"yoast-schema-graph\">{\"@context\":\"https:\/\/schema.org\",\"@graph\":[{\"@type\":\"WebPage\",\"@id\":\"https:\/\/superofertascatalogo.com.mx\/index.php\/product\/sopa-de-pasta-yemina-codo-liso-no-1-250-g\/\",\"url\":\"https:\/\/superofertascatalogo.com.mx\/index.php\/product\/sopa-de-pasta-yemina-codo-liso-no-1-250-g\/\",\"name\":\"Sopa de pasta Yemina codo liso no.1 250 g - Super Ofertas\",\"isPartOf\":{\"@id\":\"https:\/\/superofertascatalogo.com.mx\/#website\"},\"primaryImageOfPage\":{\"@id\":\"https:\/\/superofertascatalogo.com.mx\/index.php\/product\/sopa-de-pasta-yemina-codo-liso-no-1-250-g\/#primaryimage\"},\"image\":{\"@id\":\"https:\/\/superofertascatalogo.com.mx\/index.php\/product\/sopa-de-pasta-yemina-codo-liso-no-1-250-g\/#primaryimage\"},\"thumbnailUrl\":\"https:\/\/superofertascatalogo.com.mx\/wp-content\/uploads\/2026\/02\/Yamina.jpg\",\"datePublished\":\"2026-02-10T23:10:15+00:00\",\"dateModified\":\"2026-02-10T23:13:05+00:00\",\"breadcrumb\":{\"@id\":\"https:\/\/superofertascatalogo.com.mx\/index.php\/product\/sopa-de-pasta-yemina-codo-liso-no-1-250-g\/#breadcrumb\"},\"inLanguage\":\"es\",\"potentialAction\":[{\"@type\":\"ReadAction\",\"target\":[\"https:\/\/superofertascatalogo.com.mx\/index.php\/product\/sopa-de-pasta-yemina-codo-liso-no-1-250-g\/\"]}]},{\"@type\":\"ImageObject\",\"inLanguage\":\"es\",\"@id\":\"https:\/\/superofertascatalogo.com.mx\/index.php\/product\/sopa-de-pasta-yemina-codo-liso-no-1-250-g\/#primaryimage\",\"url\":\"https:\/\/superofertascatalogo.com.mx\/wp-content\/uploads\/2026\/02\/Yamina.jpg\",\"contentUrl\":\"https:\/\/superofertascatalogo.com.mx\/wp-content\/uploads\/2026\/02\/Yamina.jpg\",\"width\":1080,\"height\":1080},{\"@type\":\"BreadcrumbList\",\"@id\":\"https:\/\/superofertascatalogo.com.mx\/index.php\/product\/sopa-de-pasta-yemina-codo-liso-no-1-250-g\/#breadcrumb\",\"itemListElement\":[{\"@type\":\"ListItem\",\"position\":1,\"name\":\"Inicio\",\"item\":\"https:\/\/superofertascatalogo.com.mx\/\"},{\"@type\":\"ListItem\",\"position\":2,\"name\":\"Shop\",\"item\":\"https:\/\/superofertascatalogo.com.mx\/index.php\/shop\/\"},{\"@type\":\"ListItem\",\"position\":3,\"name\":\"Sopa de pasta Yemina codo liso no.1 250 g\"}]},{\"@type\":\"WebSite\",\"@id\":\"https:\/\/superofertascatalogo.com.mx\/#website\",\"url\":\"https:\/\/superofertascatalogo.com.mx\/\",\"name\":\"Super Ofertas\",\"description\":\"Super Cerca de ti\",\"publisher\":{\"@id\":\"https:\/\/superofertascatalogo.com.mx\/#organization\"},\"alternateName\":\"Super Ofertas\",\"potentialAction\":[{\"@type\":\"SearchAction\",\"target\":{\"@type\":\"EntryPoint\",\"urlTemplate\":\"https:\/\/superofertascatalogo.com.mx\/?s={search_term_string}\"},\"query-input\":{\"@type\":\"PropertyValueSpecification\",\"valueRequired\":true,\"valueName\":\"search_term_string\"}}],\"inLanguage\":\"es\"},{\"@type\":\"Organization\",\"@id\":\"https:\/\/superofertascatalogo.com.mx\/#organization\",\"name\":\"Super Ofertas\",\"url\":\"https:\/\/superofertascatalogo.com.mx\/\",\"logo\":{\"@type\":\"ImageObject\",\"inLanguage\":\"es\",\"@id\":\"https:\/\/superofertascatalogo.com.mx\/#\/schema\/logo\/image\/\",\"url\":\"https:\/\/superofertascatalogo.com.mx\/wp-content\/uploads\/2022\/06\/Logo-cars-2x.png\",\"contentUrl\":\"https:\/\/superofertascatalogo.com.mx\/wp-content\/uploads\/2022\/06\/Logo-cars-2x.png\",\"width\":355,\"height\":130,\"caption\":\"Super Ofertas\"},\"image\":{\"@id\":\"https:\/\/superofertascatalogo.com.mx\/#\/schema\/logo\/image\/\"}}]}<\/script>\n<!-- \/ Yoast SEO Premium plugin. -->","yoast_head_json":{"title":"Sopa de pasta Yemina codo liso no.1 250 g - Super Ofertas","robots":{"index":"index","follow":"follow","max-snippet":"max-snippet:-1","max-image-preview":"max-image-preview:large","max-video-preview":"max-video-preview:-1"},"canonical":"https:\/\/superofertascatalogo.com.mx\/index.php\/product\/sopa-de-pasta-yemina-codo-liso-no-1-250-g\/","og_locale":"es_MX","og_type":"article","og_title":"Sopa de pasta Yemina codo liso no.1 250 g","og_description":"Detalles del art\u00edculo             Hecha con trigo 100% mexicano  Prepara comidas pr\u00e1cticas y nutritivas  Energ\u00eda natural para lograr tus metas        Con Pasta Yemina ll\u00e9nate de energ\u00eda en cada comida. - Orgullosamente mexicana - Hecha con s\u00e9mola de trigo duro y agua -Yemina se encuentra comprometida en ofrecer una gran variedad de productos nutritivos. -Al combinar pasta Yemina con verduras y una fuente de prote\u00edna resulta un platillo variado y completo que aporta la fuente de energ\u00eda para todos. Encuentra una gran variedad de art\u00edculos tenemos para ti. Recuerda que ya puedes realizar compras de \u00e9ste y otros productos en tu tienda en l\u00ednea donde encontrar\u00e1s lo necesario para tu d\u00eda a d\u00eda o para surtir tu despensa. Compra lo que necesites ya que, con nuestro servicio de entregas a domicilio, tus compras llegar\u00e1n hasta la puerta de tu hogar.","og_url":"https:\/\/superofertascatalogo.com.mx\/index.php\/product\/sopa-de-pasta-yemina-codo-liso-no-1-250-g\/","og_site_name":"Super Ofertas","article_modified_time":"2026-02-10T23:13:05+00:00","og_image":[{"width":1080,"height":1080,"url":"https:\/\/superofertascatalogo.com.mx\/wp-content\/uploads\/2026\/02\/Yamina.jpg","type":"image\/jpeg"}],"twitter_card":"summary_large_image","twitter_misc":{"Tiempo de lectura":"1 minuto"},"schema":{"@context":"https:\/\/schema.org","@graph":[{"@type":"WebPage","@id":"https:\/\/superofertascatalogo.com.mx\/index.php\/product\/sopa-de-pasta-yemina-codo-liso-no-1-250-g\/","url":"https:\/\/superofertascatalogo.com.mx\/index.php\/product\/sopa-de-pasta-yemina-codo-liso-no-1-250-g\/","name":"Sopa de pasta Yemina codo liso no.1 250 g - Super Ofertas","isPartOf":{"@id":"https:\/\/superofertascatalogo.com.mx\/#website"},"primaryImageOfPage":{"@id":"https:\/\/superofertascatalogo.com.mx\/index.php\/product\/sopa-de-pasta-yemina-codo-liso-no-1-250-g\/#primaryimage"},"image":{"@id":"https:\/\/superofertascatalogo.com.mx\/index.php\/product\/sopa-de-pasta-yemina-codo-liso-no-1-250-g\/#primaryimage"},"thumbnailUrl":"https:\/\/superofertascatalogo.com.mx\/wp-content\/uploads\/2026\/02\/Yamina.jpg","datePublished":"2026-02-10T23:10:15+00:00","dateModified":"2026-02-10T23:13:05+00:00","breadcrumb":{"@id":"https:\/\/superofertascatalogo.com.mx\/index.php\/product\/sopa-de-pasta-yemina-codo-liso-no-1-250-g\/#breadcrumb"},"inLanguage":"es","potentialAction":[{"@type":"ReadAction","target":["https:\/\/superofertascatalogo.com.mx\/index.php\/product\/sopa-de-pasta-yemina-codo-liso-no-1-250-g\/"]}]},{"@type":"ImageObject","inLanguage":"es","@id":"https:\/\/superofertascatalogo.com.mx\/index.php\/product\/sopa-de-pasta-yemina-codo-liso-no-1-250-g\/#primaryimage","url":"https:\/\/superofertascatalogo.com.mx\/wp-content\/uploads\/2026\/02\/Yamina.jpg","contentUrl":"https:\/\/superofertascatalogo.com.mx\/wp-content\/uploads\/2026\/02\/Yamina.jpg","width":1080,"height":1080},{"@type":"BreadcrumbList","@id":"https:\/\/superofertascatalogo.com.mx\/index.php\/product\/sopa-de-pasta-yemina-codo-liso-no-1-250-g\/#breadcrumb","itemListElement":[{"@type":"ListItem","position":1,"name":"Inicio","item":"https:\/\/superofertascatalogo.com.mx\/"},{"@type":"ListItem","position":2,"name":"Shop","item":"https:\/\/superofertascatalogo.com.mx\/index.php\/shop\/"},{"@type":"ListItem","position":3,"name":"Sopa de pasta Yemina codo liso no.1 250 g"}]},{"@type":"WebSite","@id":"https:\/\/superofertascatalogo.com.mx\/#website","url":"https:\/\/superofertascatalogo.com.mx\/","name":"Super Ofertas","description":"Super Cerca de ti","publisher":{"@id":"https:\/\/superofertascatalogo.com.mx\/#organization"},"alternateName":"Super Ofertas","potentialAction":[{"@type":"SearchAction","target":{"@type":"EntryPoint","urlTemplate":"https:\/\/superofertascatalogo.com.mx\/?s={search_term_string}"},"query-input":{"@type":"PropertyValueSpecification","valueRequired":true,"valueName":"search_term_string"}}],"inLanguage":"es"},{"@type":"Organization","@id":"https:\/\/superofertascatalogo.com.mx\/#organization","name":"Super Ofertas","url":"https:\/\/superofertascatalogo.com.mx\/","logo":{"@type":"ImageObject","inLanguage":"es","@id":"https:\/\/superofertascatalogo.com.mx\/#\/schema\/logo\/image\/","url":"https:\/\/superofertascatalogo.com.mx\/wp-content\/uploads\/2022\/06\/Logo-cars-2x.png","contentUrl":"https:\/\/superofertascatalogo.com.mx\/wp-content\/uploads\/2022\/06\/Logo-cars-2x.png","width":355,"height":130,"caption":"Super Ofertas"},"image":{"@id":"https:\/\/superofertascatalogo.com.mx\/#\/schema\/logo\/image\/"}}]}},"_links":{"self":[{"href":"https:\/\/superofertascatalogo.com.mx\/index.php\/wp-json\/wp\/v2\/product\/1800","targetHints":{"allow":["GET"]}}],"collection":[{"href":"https:\/\/superofertascatalogo.com.mx\/index.php\/wp-json\/wp\/v2\/product"}],"about":[{"href":"https:\/\/superofertascatalogo.com.mx\/index.php\/wp-json\/wp\/v2\/types\/product"}],"replies":[{"embeddable":true,"href":"https:\/\/superofertascatalogo.com.mx\/index.php\/wp-json\/wp\/v2\/comments?post=1800"}],"version-history":[{"count":1,"href":"https:\/\/superofertascatalogo.com.mx\/index.php\/wp-json\/wp\/v2\/product\/1800\/revisions"}],"predecessor-version":[{"id":1801,"href":"https:\/\/superofertascatalogo.com.mx\/index.php\/wp-json\/wp\/v2\/product\/1800\/revisions\/1801"}],"wp:featuredmedia":[{"embeddable":true,"href":"https:\/\/superofertascatalogo.com.mx\/index.php\/wp-json\/wp\/v2\/media\/1802"}],"wp:attachment":[{"href":"https:\/\/superofertascatalogo.com.mx\/index.php\/wp-json\/wp\/v2\/media?parent=1800"}],"wp:term":[{"taxonomy":"brand","embeddable":true,"href":"https:\/\/superofertascatalogo.com.mx\/index.php\/wp-json\/wp\/v2\/etheme_brands?post=1800"},{"taxonomy":"product_brand","embeddable":true,"href":"https:\/\/superofertascatalogo.com.mx\/index.php\/wp-json\/wp\/v2\/product_brand?post=1800"},{"taxonomy":"product_cat","embeddable":true,"href":"https:\/\/superofertascatalogo.com.mx\/index.php\/wp-json\/wp\/v2\/product_cat?post=1800"},{"taxonomy":"product_tag","embeddable":true,"href":"https:\/\/superofertascatalogo.com.mx\/index.php\/wp-json\/wp\/v2\/product_tag?post=1800"}],"curies":[{"name":"wp","href":"https:\/\/api.w.org\/{rel}","templated":true}]}}